{"id":354,"date":"2018-10-18T06:40:27","date_gmt":"2018-10-18T06:40:27","guid":{"rendered":"https:\/\/www.mariebel.com\/recettes\/product\/mini-vol-au-vent-a-la-creme-au-chocolat-au-lait-et-aux-guimauves\/"},"modified":"2024-09-19T01:42:14","modified_gmt":"2024-09-19T01:42:14","slug":"mini-vol-au-vent-a-la-creme-au-chocolat-au-lait-et-aux-guimauves","status":"publish","type":"product","link":"https:\/\/www.mariebel.com\/recettes\/produit\/mini-vol-au-vent-a-la-creme-au-chocolat-au-lait-et-aux-guimauves\/","title":{"rendered":"Mini vol-au-vent \u00e0 la cr\u00e8me au chocolat au lait et aux guimauves"},"content":{"rendered":"","protected":false},"excerpt":{"rendered":"<p><strong>Ingr\u00e9dients:<br \/>\n<\/strong>\u00b7 Cr\u00e8me au chocolat au lait<br \/>\n\u00b7 Guimauves<br \/>\n\u00b7 Framboises<br \/>\n\u00b7 Menthe fra\u00eeche<\/p>\n<p><span style=\"font-family: Georgia, serif; font-size: 18px; line-height: 27px; font-weight: 300;\"><em>Garnir les mini vol-au-vent Mariebel de cr\u00e8me au chocolat au lait. Disposer au-dessus une guimauve, une demi-framboise et d\u00e9corer de quelques petites feuilles de menthe fra\u00eeche.<\/em><\/span><\/p>\n","protected":false},"featured_media":537,"comment_status":"open","ping_status":"closed","template":"","meta":[],"product_brand":[],"product_cat":[44],"product_tag":[],"class_list":{"0":"post-354","1":"product","2":"type-product","3":"status-publish","4":"has-post-thumbnail","6":"product_cat-pate-feuilletee","8":"first","9":"instock","10":"shipping-taxable","11":"product-type-simple"},"_links":{"self":[{"href":"https:\/\/www.mariebel.com\/recettes\/wp-json\/wp\/v2\/product\/354","targetHints":{"allow":["GET"]}}],"collection":[{"href":"https:\/\/www.mariebel.com\/recettes\/wp-json\/wp\/v2\/product"}],"about":[{"href":"https:\/\/www.mariebel.com\/recettes\/wp-json\/wp\/v2\/types\/product"}],"replies":[{"embeddable":true,"href":"https:\/\/www.mariebel.com\/recettes\/wp-json\/wp\/v2\/comments?post=354"}],"wp:featuredmedia":[{"embeddable":true,"href":"https:\/\/www.mariebel.com\/recettes\/wp-json\/wp\/v2\/media\/537"}],"wp:attachment":[{"href":"https:\/\/www.mariebel.com\/recettes\/wp-json\/wp\/v2\/media?parent=354"}],"wp:term":[{"taxonomy":"product_brand","embeddable":true,"href":"https:\/\/www.mariebel.com\/recettes\/wp-json\/wp\/v2\/product_brand?post=354"},{"taxonomy":"product_cat","embeddable":true,"href":"https:\/\/www.mariebel.com\/recettes\/wp-json\/wp\/v2\/product_cat?post=354"},{"taxonomy":"product_tag","embeddable":true,"href":"https:\/\/www.mariebel.com\/recettes\/wp-json\/wp\/v2\/product_tag?post=354"}],"curies":[{"name":"wp","href":"https:\/\/api.w.org\/{rel}","templated":true}]}}

Mini vol-au-vent à la crème au chocolat au lait et aux guimauves

<p><strong>Ingrédients:<br />
</strong>· Crème au chocolat au lait<br />
· Guimauves<br />
· Framboises<br />
· Menthe fraîche</p>
<p><span style="font-family: Georgia, serif; font-size: 18px; line-height: 27px; font-weight: 300;"><em>Garnir les mini vol-au-vent Mariebel de crème au chocolat au lait. Disposer au-dessus une guimauve, une demi-framboise et décorer de quelques petites feuilles de menthe fraîche.</em></span></p>
