{"id":445,"date":"2018-10-18T06:40:36","date_gmt":"2018-10-18T06:40:36","guid":{"rendered":"https:\/\/www.mariebel.com\/recettes\/product\/mini-cones-garnis-de-creme-au-fromage-frais-noix-saumon-fume-et-oeufs-de-saumon\/"},"modified":"2023-07-12T16:10:41","modified_gmt":"2023-07-12T16:10:41","slug":"mini-conos-rellenos-de-crema-de-queso-fresco-nueces-salmon-ahumado-y-huevas-de-salmon","status":"publish","type":"product","link":"https:\/\/www.mariebel.com\/recettes\/es\/producto\/mini-conos-rellenos-de-crema-de-queso-fresco-nueces-salmon-ahumado-y-huevas-de-salmon\/","title":{"rendered":"Mini conos rellenos de crema de queso fresco, nueces, salm\u00f3n ahumado y huevas de salm\u00f3n"},"content":{"rendered":"","protected":false},"excerpt":{"rendered":"<p><\/br><br \/>\n<strong>Ingredientes:<br \/>\n<\/strong>\u00b7 Crema de queso fresco<br \/>\n\u00b7 Nueces picadas<br \/>\n\u00b7 Salm\u00f3n ahumado<br \/>\n\u00b7 Huevas de salm\u00f3n<br \/>\n\u00b7 Cebollino<\/p>\n<p><span style=\"font-family: Georgia, serif;font-size: 18px;line-height: 27px;font-weight: 300\"><em>M\u00e9langer la cr\u00e8me de fromage et les noix puis, \u00e0 l&#8217;aide d&#8217;une poche \u00e0 douille nous remplir les mini-c\u00f4nes Mariebel. Disposer au-dessus le saumon fum\u00e9, les \u0153ufs de poisson et quelques brins de ciboulette fra\u00eeche.<\/em><\/span><\/p>\n","protected":false},"featured_media":518,"comment_status":"open","ping_status":"closed","template":"","meta":[],"product_brand":[],"product_cat":[55],"product_tag":[],"class_list":{"0":"post-445","1":"product","2":"type-product","3":"status-publish","4":"has-post-thumbnail","6":"product_cat-galleta","8":"first","9":"instock","10":"shipping-taxable","11":"product-type-simple"},"_links":{"self":[{"href":"https:\/\/www.mariebel.com\/recettes\/es\/wp-json\/wp\/v2\/product\/445","targetHints":{"allow":["GET"]}}],"collection":[{"href":"https:\/\/www.mariebel.com\/recettes\/es\/wp-json\/wp\/v2\/product"}],"about":[{"href":"https:\/\/www.mariebel.com\/recettes\/es\/wp-json\/wp\/v2\/types\/product"}],"replies":[{"embeddable":true,"href":"https:\/\/www.mariebel.com\/recettes\/es\/wp-json\/wp\/v2\/comments?post=445"}],"wp:featuredmedia":[{"embeddable":true,"href":"https:\/\/www.mariebel.com\/recettes\/es\/wp-json\/wp\/v2\/media\/518"}],"wp:attachment":[{"href":"https:\/\/www.mariebel.com\/recettes\/es\/wp-json\/wp\/v2\/media?parent=445"}],"wp:term":[{"taxonomy":"product_brand","embeddable":true,"href":"https:\/\/www.mariebel.com\/recettes\/es\/wp-json\/wp\/v2\/product_brand?post=445"},{"taxonomy":"product_cat","embeddable":true,"href":"https:\/\/www.mariebel.com\/recettes\/es\/wp-json\/wp\/v2\/product_cat?post=445"},{"taxonomy":"product_tag","embeddable":true,"href":"https:\/\/www.mariebel.com\/recettes\/es\/wp-json\/wp\/v2\/product_tag?post=445"}],"curies":[{"name":"wp","href":"https:\/\/api.w.org\/{rel}","templated":true}]}}

Mini conos rellenos de crema de queso fresco, nueces, salmón ahumado y huevas de salmón

<p></br><br />
<strong>Ingredientes:<br />
</strong>· Crema de queso fresco<br />
· Nueces picadas<br />
· Salmón ahumado<br />
· Huevas de salmón<br />
· Cebollino</p>
<p><span style="font-family: Georgia, serif;font-size: 18px;line-height: 27px;font-weight: 300"><em>Mélanger la crème de fromage et les noix puis, à l&#8217;aide d&#8217;une poche à douille nous remplir les mini-cônes Mariebel. Disposer au-dessus le saumon fumé, les œufs de poisson et quelques brins de ciboulette fraîche.</em></span></p>
