{"id":443,"date":"2018-10-18T06:40:36","date_gmt":"2018-10-18T06:40:36","guid":{"rendered":"https:\/\/www.mariebel.com\/recettes\/product\/mini-cones-depinards-farcis-de-mayonnaise-surimi-et-poivron-rouge\/"},"modified":"2023-07-09T14:51:42","modified_gmt":"2023-07-09T14:51:42","slug":"mini-cono-de-espinacas-relleno-de-mahonesa-surimi-y-pimiento-rojo","status":"publish","type":"product","link":"https:\/\/www.mariebel.com\/recettes\/es\/producto\/mini-cono-de-espinacas-relleno-de-mahonesa-surimi-y-pimiento-rojo\/","title":{"rendered":"Mini cono de espinacas relleno de mahonesa, surimi y pimiento rojo"},"content":{"rendered":"","protected":false},"excerpt":{"rendered":"<p><\/br><br \/>\n<strong>Ingredientes:<br \/>\n<\/strong>\u00b7 Mahonesa<br \/>\n\u00b7 Tiras de surimi<br \/>\n\u00b7 Pimiento rojo cocido<br \/>\n\u00b7 Escarola<\/p>\n<p><span style=\"font-family: Georgia, serif;font-size: 18px;line-height: 27px;font-weight: 300\"><em>Remplir \u00e0 moiti\u00e9 les mini-c\u00f4nes Mariebel de mayonnaise. Ajouter ensuite les lamelles de surimi puis celles de poivron rouge, et d\u00e9corer de quelques feuilles de scarole fra\u00eeche. <\/em><\/span><\/p>\n","protected":false},"featured_media":515,"comment_status":"open","ping_status":"closed","template":"","meta":[],"product_brand":[],"product_cat":[55],"product_tag":[],"class_list":{"0":"post-443","1":"product","2":"type-product","3":"status-publish","4":"has-post-thumbnail","6":"product_cat-galleta","8":"first","9":"instock","10":"shipping-taxable","11":"product-type-simple"},"_links":{"self":[{"href":"https:\/\/www.mariebel.com\/recettes\/es\/wp-json\/wp\/v2\/product\/443","targetHints":{"allow":["GET"]}}],"collection":[{"href":"https:\/\/www.mariebel.com\/recettes\/es\/wp-json\/wp\/v2\/product"}],"about":[{"href":"https:\/\/www.mariebel.com\/recettes\/es\/wp-json\/wp\/v2\/types\/product"}],"replies":[{"embeddable":true,"href":"https:\/\/www.mariebel.com\/recettes\/es\/wp-json\/wp\/v2\/comments?post=443"}],"wp:featuredmedia":[{"embeddable":true,"href":"https:\/\/www.mariebel.com\/recettes\/es\/wp-json\/wp\/v2\/media\/515"}],"wp:attachment":[{"href":"https:\/\/www.mariebel.com\/recettes\/es\/wp-json\/wp\/v2\/media?parent=443"}],"wp:term":[{"taxonomy":"product_brand","embeddable":true,"href":"https:\/\/www.mariebel.com\/recettes\/es\/wp-json\/wp\/v2\/product_brand?post=443"},{"taxonomy":"product_cat","embeddable":true,"href":"https:\/\/www.mariebel.com\/recettes\/es\/wp-json\/wp\/v2\/product_cat?post=443"},{"taxonomy":"product_tag","embeddable":true,"href":"https:\/\/www.mariebel.com\/recettes\/es\/wp-json\/wp\/v2\/product_tag?post=443"}],"curies":[{"name":"wp","href":"https:\/\/api.w.org\/{rel}","templated":true}]}}

<p></br><br />
<strong>Ingredientes:<br />
</strong>· Mahonesa<br />
· Tiras de surimi<br />
· Pimiento rojo cocido<br />
· Escarola</p>
<p><span style="font-family: Georgia, serif;font-size: 18px;line-height: 27px;font-weight: 300"><em>Remplir à moitié les mini-cônes Mariebel de mayonnaise. Ajouter ensuite les lamelles de surimi puis celles de poivron rouge, et décorer de quelques feuilles de scarole fraîche. </em></span></p>
